) + -1?
1
What is 6 - (2 - (8 - 13))?
-1
What is 6 + -2 + (-3 - (0 + 0))?
1
4 - 2 - (39 + -28)
-9
-6 - ((-6 - -2) + -5)
3
Calculate -5 + (2 - 0) + -2.
-5
What is the value of -6 - (-5 + 3) - -5?
1
Calculate 8 + (3 - -4 - 19).
-4
What is the value of -6 + (-6 - -19) + 1?
8
3 + 1 + -4 + 0
0
3 - (2 - (-1 - -2))
2
What is 0 + (7 - 2) - (2 + 1)?
2
Evaluate 39 + -37 + (1 - (-6 + 0)).
9
Evaluate 35 + -44 - (-2 - 0).
-7
Calculate 5 + 5 + -5 - 3.
2
What is -3 + (0 - 2) + 14 + -4?
5
-4 + 3 + 2 + 2
3
Evaluate 2 - (-5 + 1 - 0) - 3.
3
Calculate -7 + -7 + 9 - -7 - -2.
4
What is the value of -2 + -1 + (8 + -4 - -2)?
3
Calculate (0 - 1 - -6) + -1 + -3.
1
What is (12 - 12) + -2 + 1?
-1
Evaluate 5 + (6 - 0) - 13.
-2
Calculate 2 + -1 - (4 - 0).
-3
What is -2 - -7 - (1 - -4)?
0
Calculate 39 + -42 + (9 - (-1 + 2)).
5
Calculate -2 + (1 - 10 - -9).
-2
Calculate (-3 - -1 - (-6 + -1)) + 0.
5
Calculate -4 - (3 - 9 - (-3 - 1)).
-2
2 + -7 + (5 - 3)
-3
What is 7 - ((3 - 0 - 3) + 6)?
1
-2 - (-1 - -4) - -4
-1
Evaluate 2 - -3 - ((12 - 19) + 3).
9
0 + 8 + 6 + -14
0
Evaluate -1 + 1 + -4 + 7 + -9.
-6
What is the value of 5 - (0 - 0) - (5 + -10)?
10
What is the value of 11 - (-10 + 9 - -6)?
6
What is the value of (8 - 2) + (1 - 4) - -1?
4
What is the value of (4 - 6) + (-6 - 1)?
-9
What is 3 + (0 - 2) - (15 + -17)?
3
Evaluate (-9 - -2) + 1 - -10.
4
What is the value of 4 - (8 + -3 + 3)?
-4
What is (-6 - (-7 - 3)) + -2?
2
What is (-7 - -2) + 3 + 4?
2
What is the value of -17 - -10 - (-2 + 0)?
-5
What is (-5 - -1) + -14 + 18?
0
-3 + -2 + (-3 - -11) + -1
2
Evaluate 2 - (-2 - -2 - -7).
-5
(-9 + 5 - 3) + 3
-4
Calculate 1 - (-4 + (-4 + 5 - -4)).
0
Evaluate 1 + (5 - (1 + 5 + -3)).
3
What is -2 + (0 + -2 - (-5 + 0))?
1
What is (8 - 7 - (0 - -3)) + -2?
-4
-1 + 4 + 3 + (-3 - -1)
4
Evaluate 9 + 0 - ((-7 - 6) + 16).
6
What is 10 + -4 + -18 + 9?
-3
Calculate (18 - 9) + (-17 - -15).
7
What is the value of 0 - -6 - (-65 - -71)?
0
What is the value of -1 - (-2 + 1 - (1 - 5))?
-4
What is the value of 2 - 3 - -1 - (9 + -12)?
3
Calculate 0 - 3 - ((14 - 28) + 8).
3
What is the value of 1 + 1 + -2 + -1 + -1?
-2
Evaluate (0 - -2) + 4 + -54 + 54.
6
-3 + 3 - (2 + -3 + 3)
-2
Evaluate (15 - 0 - 1) + (4 - 10).
8
Evaluate (2 - (10 - 1)) + 3.
-4
What is 3 - (11 + -11 - (0 - 2))?
1
What is 1 + 2 - 1 - (-9 + 9)?
2
What is the value of (-43 - -38) + (10 - 0)?
5
Evaluate -4 + (-1 - 4) + 10 + -6.
-5
Calculate (-4 - (8 + -7) - -4) + 9.
8
Calculate -4 + -2 + 4 + (-2 - 0).
-4
What is the value of -4 + 3 + 5 + -6?
-2
-28 + 27 - (-1 - -1)
-1
Calculate -3 - (1 + -12 + (-12 - -15)).
5
What is 7 + -6 - 6 - -7?
2
(0 - 1) + 2 + -6
-5
What is the value of 0 + (-3 - (-12 - (-7 + 2)))?
4
Calculate -2 - (-3 - (1 - 7)).
-5
Evaluate (42 + -39 - (4 + 1)) + 3.
1
What is the value of (-4 - -1) + (0 - 1) + 3?
-1
Calculate (7 - (-5 - -4)) + -1.
7
(5 - -6 - 0) + -7 + 3
7
(0 + 9 - 3) + -2
4
8 + 1 + -3 + -3
3
What is the value of 1 + -2 + 3 + (2 - 2)?
2
Calculate (7 - (-2 - -14)) + 14.
9
Evaluate (1 - 5) + 0 + 73 + -74.
-5
What is the value of 1 + 1 - (0 + 4)?
-2
What is the value of -3 + 3 + -1 - -1?
0
(1 - 1) + (-3 - -3 - 5)
-5
Evaluate -2 + 2 + (0 + -3 - -6).
3
Calculate 4 - (-2 - 1 - (8 - 13)).
2
(6 - (4 + -2)) + -2
2
Evaluate -1 + 5 + -3 + 1 + -6.
-4
Calculate (0 - (0 - (2 + 2))) + -7.
-3
Evaluate -6 + -4 + 1 + 4.
-5
What is -3 - 1 - (-4 - -1)?
-1
Evaluate (0 - 11 - -14) + -10 + 1.
-6
-8 + -2 - -9 - -5
4
Calculate -176 + 187 + -1 + -16.
-6
2 - (8 + (-3 - -4 - 4))
-3
What is the value of -2 + 6 + (3 - 12)?
-5
Evaluate -3 + (2 - -1 - (48 + -43)).
-5
Evaluate -6 + (12 + 7 - 8).
5
Evaluate (-13 - -1) + 24 - 12.
0
Calculate -3 + (5 - -1) + (0 - 1).
2
Calculate -4 - 1 - (0 + -8).
3
What is (-10 - -14) + 1 - (0 - -1)?
4
Evaluate -1 + -1 + 2 + 0 + 1.
1
What is the value of -2 - (1 + -5 + 2) - -4?
4
-5 - 2 - (-5 + -2 + 1)
-1
What is -195 - -188 - (1 + -12 + 0)?
4
(4 - (-1 + 1)) + 1 + -7
-2
What is 6 + 3 + -4 + (4 - 9)?
0
What is the value of -6 + (-15 + 4 - -6 - -6)?
-5
What is the value of -7 + 2 - (2 - 6 - -1)?
-2
What is (-12 - -6) + 0 - 0?
-6
Calculate 19 + -16 - (-1 + -1).
5
Evaluate 6 + (8 - (-1 - -7)).
8
What is -7 + (1 + 2 - 0) + -1?
-5
1 - ((-4 - -4) + (4 - -1))
-4
(3 - (2 + 0)) + 3 + -1
3
-1 - (-1 + (-7 - -4) + -1)
4
Evaluate (2 - -4) + -2 - (6 - 1).
-1
-6 + (-1 - (-9 + 5))
-3
What is the value of 9 + (-6 - (3 + -4))?
4
What is 5 + 8 + -10 - (2 - 1)?
2
-2 + (0 - (-6 + (-2 - -3)))
3
Calculate (7 + 0 - 9) + 8.
6
(-2 + -1 - -2) + (7 - 6)
0
What is the value of -4 + 17 + -10 + 2?
5
-3 - (0 - 2 - 3)
2
2 + -1 + 0 - (5 - 1)
-3
What is the value of -10 + -8 + 18 + 4 + -1?
3
Evaluate 1 + (-6 - -4) - (-1 + -2).
2
What is -1 + -1 + (-1 - -3) - 0?
0
Evaluate 7 - 7 - 4 - 2.
-6
-1 + 0 - (9 - (10 + -3))
-3
Evaluate 0 - 5 - (-4 + 1).
-2
Calculate 0 + 2 + (-35 - -37).
4
What is the value of (-71 - -69) + -1 + 1?
-2
What is the value of 9 + (1 + 7 - 9)?
8
What is 4 + (-4 - (0 + 3)) + 3?
0
What is (-2 - -3) + -6 - (13 + -16)?
-2
Evaluate -4 + 7 + -6 - 0.
-3
Evaluate 1 + -1 + (-5 - 1 - -7).
1
-2 - (2 - 3) - -6
5
Calculate (-1 - 2) + (28 - 32).
-7
5 + -2 + (-6 - -4) - -2
3
-6 + -8 + (5 - 1)
-10
Evaluate -4 - 2 - (-1 - 0).
-5
Calculate (0 - -4 - 4) + 3.
3
What is the value of -6 + 2 + (3 - 6)?
-7
Evaluate -2 + -1 + 11 + -3.
5
What is the value of 3 + -3 + -5 + 7?
2
-7 - ((-6 - -1) + (-36 - -29))
5
What is (0 - (2 + 2)) + -42 + 46?
0
-1 - (3 + -2 + 0 + 0)
-2
What is (-5 - 1) + -17 + 16 - -5?
-2
What is (-1 - (6 + -3)) + 1?
-3
What is the value of -6 - (1 + (0 - 6))?
-1
Calculate 8 - (-4 - -1 - 1) - 7.
5
What is the value of -4 + (3 - 3) + -1 + 0?
-5
4 + -5 + -2 + 6
3
(-7 - 1) + -1 + (6 - 3)
-6
-5 - -5 - -4 - (0 - -1)
3
Evaluate -4 + 8 + -2 + -2.
0
Evaluate -4 + 0 + 3 - -3.
2
Evaluate (-7 - -21) + (-11 - -3).
6
Calculate 19 - 5 - 3 - 6.
5
What is the value of -6 + 4 + 6 - 1?
3
(1 - 2) + -3 - (3 + -5)
-2
Calculate (2 - (-4 - -2)) + -4.
0
Evaluate -3 + 0 + -4 + 9 + -1.
1
Calculate -10 - -8 - -10 - 5.
3
What is (-8 - -2) + (7 - (10 + -3))?
-6
What is the value of 3 + -1 + -5 + 3?
0
Evaluate -3 + 2 - 0 - 1 - 1.
-3
What is the value of -3 + -6 + 6 + -2?
-5
What is the value of 3 - (-2 - (1 - (5 + 0)))?
1
What is (1 + -3 - 3) + (14 - 15)?
-6
What is -35 + 38 - (1 - (0 + -2))?
0
Evaluate (3 - (6 - 1)) + (-6 - -4).
-4
What is the value of (4 + -12 - 2) + 5?
-5
4 + -2 - (-2 + (1 - 2))
5
-8 - -12 - (-1 + 10)
-5
Calculate (-6 - (-6 + 3)) + 0.
-3
What is the value of -4 + 1 + 1 + 4?
2
-12 - -9 - (-1 - 0)
-2
What is 0 + -1 + -2 + 3 + 4?
4
What is -1 + 4 - 5 - (-4 + 4)?
-2
Calculate 1 + -3 + -4 + 4.
-2
Calculate -10 + 0 + 6 + 12 + -15.
-7
Evaluate (10 - (5 - -3)) + -8.
-6
What is -5 - -8 - (4 - -3)?
-4
Calculate (-1 - -2 - 3) + 5.
3
-3 + 3 + -5 - (3 - 3)
-5
Evaluate (5 - 3) + (7 - 1).
8
Calculate 8 - (8 - (2 + 1)).
3
What is the value of 9 - (3 - (4 + -5))?
5
What is the value of 3 + (-5 - 2 - -2)?
-2
What is the value of 4 + -4 + -3 + 4?
1
What is (-20 - -15) + (4 - 2 - 1)?
-4
What is the value of 0 - ((-3 - -3) + (-8 - -5))?
3
What is the value of (0 - -2 - 3) + 6?
5
What is 10 + (-5 - -6) + -6?
5
Evaluate 2 + 3 + -4 + 3 + -10.
-6
What is the value of 19 - (2 + -10 - -21)?
6
What is the value of -4 - (-3 - (-9 + 0) - 8)?
-2
What is (-9 - -10) + (-4 - (2 - 4))?
-1
Evaluate 4 + (7 - 2 - 4).
5
What is the value of (-2 - 0 - (6 - 9)) + 1?
2
Evaluate -3 + 2 + -3 + 6 + 2.
4
What is (-8 - -4) + -4 + 15?
7
Calculate 0 + (6 + -6 - 2).
-2
What is the value of 4 + (-3 - (-6 - -3)) - 7?
-3
Calculate (-2 - 5 - 3) + 12.
2
What is 148 + -148 - (1 - -10 - 2)?
-9
Calculate 6 - (17 - (21 + -9)).
1
Evaluate 4 + (3 - (1 - -4 - 3)).
5
What is the value of 4 + (4 + -2 - 7) - 2?
-3
What is the value of 8 + 0 + -5 + 2 + -1?
4
What is 3 + 5 + -1 - 3?
4
Evaluate 6 - (3 - (2 - 10)).
-5
What is -9 + -2 + 10 - -3?
2
Evaluate 4 + 1 + -1 + -2.
2
What is the value of (-3 - 0) + 4 - (2 - 9)?
8
Evaluate (5 - 2) + -3 - 3 - 1.
-4
-3 - (10 - 14) - (-3 - 0)
4
Calculate 5 + (0 + -5 - 2) + -3.
-5
What is -4 + 6 + -1 - (2 - 1)?
0
What is -4 - -5 - -6 - 4?
3
What is the value of 2 - (-1 - 2) - -4 - 4?
5
What is the value of 13 - (22 - (13 - 5))?
-1
What is (1 - 12 - -3) + 4 + 1?
-3
What is the value of -8 - (-3 - -10 - 15)?
0
What is 3 - -1 - (7 - 3)?
0
What is -12 - (-17 - -10) - -4?
-1
(2 - 1) + (-3